{"id":110,"date":"2018-04-29T20:08:12","date_gmt":"2018-04-29T20:08:12","guid":{"rendered":"http:\/\/solonick.webredox.net\/fullscreen-carousel-copy\/"},"modified":"2022-01-19T17:56:27","modified_gmt":"2022-01-19T16:56:27","slug":"accueil","status":"publish","type":"page","link":"https:\/\/booth.pixsenses.com\/","title":{"rendered":"Accueil"},"content":{"rendered":"[vc_row css_animation=&#8221;fadeInRight&#8221; scroll_id=&#8221;a-propos&#8221; opt_title_sec=&#8221;st2&#8243; solonick_title=&#8221;`{`span`}`\/\/`{`\/span`}` \u00c0 propos&#8221;][vc_column css_animation=&#8221;fadeInLeft&#8221; width=&#8221;5\/12&#8243; css=&#8221;.vc_custom_1636990410289{margin-bottom: 50px !important;}&#8221;][vc_tta_pageable no_fill_content_area=&#8221;true&#8221; autoplay=&#8221;3&#8243; active_section=&#8221;1&#8243; css_animation=&#8221;fadeInLeft&#8221;][vc_tta_section title=&#8221;Section 1&#8243; tab_id=&#8221;1642538766231-523ee56c-9f56&#8243;]<div class=\"collage-image fl-wrap\"><img decoding=\"async\" src=\"https:\/\/booth.pixsenses.com\/wp-content\/uploads\/2022\/01\/about_01.jpg\" class=\"respimg\" alt=\"\"><\/div>[\/vc_tta_section][vc_tta_section title=&#8221;Section 2&#8243; tab_id=&#8221;1642538766256-e9582cad-8498&#8243;]<div class=\"collage-image fl-wrap\"><img decoding=\"async\" src=\"https:\/\/booth.pixsenses.com\/wp-content\/uploads\/2022\/01\/about_02.jpg\" class=\"respimg\" alt=\"\"><\/div>[\/vc_tta_section][vc_tta_section title=&#8221;Section&#8221; tab_id=&#8221;1642538847791-f827072d-b001&#8243;]<div class=\"collage-image fl-wrap\"><img decoding=\"async\" src=\"https:\/\/booth.pixsenses.com\/wp-content\/uploads\/2022\/01\/about_03.jpg\" class=\"respimg\" alt=\"\"><\/div>[\/vc_tta_section][\/vc_tta_pageable][\/vc_column][vc_column css_animation=&#8221;fadeInRight&#8221; width=&#8221;7\/12&#8243;][wr_vc_textblock big_title=&#8221;\u00c0 propos du `{`span`}`PixBooth`{`\/span`}`&#8221;]PixBooth est la solution id\u00e9ale pour ajouter du dynamisme et de l\u2019engagement dans vos \u00e9v\u00e9nements. Nous offrons trois types de photobooth qui utilisent des technologies novatrices ; pour des r\u00e9sultats qui sont tout sauf traditionnels ! Nos trois solutions cl\u00e9-en-main sont personnalisables selon vos besoins et utilisent un syst\u00e8me d\u2019inscription et de distribution des GIF\/vid\u00e9os facile pour tous.[\/wr_vc_textblock][vc_row_inner][vc_column_inner width=&#8221;1\/2&#8243;]<div class=\"main-about  \"><div class=\"features-box-container class-feature-1 fl-wrap\"><div class=\"row features-box\"><div class=\"time-line-icon\">\n                  <i class=\"fas fa-palette\"><\/i>\n                  <\/div><h3>Personnalisation<\/h3><p>\n<p><a style=\"color: #63c132;\" href=\"https:\/\/booth.pixsenses.com\/index.php\/contact\">Contactez-nous<\/a> afin de d\u00e9terminer le type de captation et le type de toile qui conviennent le mieux \u00e0 vos besoins !<\/p>\n <\/p><\/div><\/div><\/div><style>.class-feature-1 .time-line-icon i:after{background: url(https:\/\/booth.pixsenses.com\/wp-content\/uploads\/2021\/11\/bg_icon.png) no-repeat center;}<\/style><div class=\"main-about  \"><div class=\"features-box-container class-feature-1 fl-wrap\"><div class=\"row features-box\"><div class=\"time-line-icon\">\n                  <i class=\"fas fa-id-card\"><\/i>\n                  <\/div><h3>Syst\u00e8me d\u2019inscription facile<\/h3><p>Notre syst\u00e8me permet aux utilisateurs de s\u2019inscrire d\u2019avance afin d\u2019\u00e9viter les files d\u2019attente ! <\/p><\/div><\/div><\/div>[\/vc_column_inner][vc_column_inner width=&#8221;1\/2&#8243;]<div class=\"main-about  \"><div class=\"features-box-container class-feature-1 fl-wrap\"><div class=\"row features-box\"><div class=\"time-line-icon\">\n                  <i class=\"fas fa-images\"><\/i>\n                  <\/div><h3>Galerie priv\u00e9e et publique<\/h3><p>Conservez toutes les photos, partagez-les sur vos r\u00e9seaux sociaux ou fa\u00eetes en une murale publique ! <\/p><\/div><\/div><\/div><style>.class-feature-1 .time-line-icon i:after{background: url(https:\/\/booth.pixsenses.com\/wp-content\/uploads\/2021\/11\/bg_icon.png) no-repeat center;}<\/style><div class=\"main-about  \"><div class=\"features-box-container class-feature-1 fl-wrap\"><div class=\"row features-box\"><div class=\"time-line-icon\">\n                  <i class=\"fas fa-heart\"><\/i>\n                  <\/div><h3>R\u00e9sultats inoubliables<\/h3><p>Nos technologies avanc\u00e9es vous assurent un r\u00e9sultat sans pr\u00e9c\u00e9dent, dont tout le monde se souviendra ! <\/p><\/div><\/div><\/div>[\/vc_column_inner][\/vc_row_inner][\/vc_column][\/vc_row][vc_row css_animation=&#8221;none&#8221; scroll_id=&#8221;nos-produits&#8221; solonick_title=&#8221;Nos produits `{`span`}`\/\/`{`\/span`}`&#8221; solonick_big_title=&#8221;Nos `{`span`}` produits`{`\/span`}`&#8221; solonick_dectiption=&#8221;Nous offrons trois types de photobooth non conventionnels qui g\u00e9n\u00e8rent des r\u00e9sultats uniques. Choisissez la technologie qui vous convient le plus, puis personnalisez votre exp\u00e9rience !&#8221;][vc_column css_animation=&#8221;fadeInRight&#8221; width=&#8221;1\/3&#8243; css=&#8221;.vc_custom_1636990385805{margin-bottom: 50px !important;}&#8221;][wr_vc_textblock small_title=&#8221;Photobooth multi cam\u00e9ras&#8221; big_title=&#8221;Photobooth Capture&#8221;]\nngg_shortcode_0_placeholder\n<h3>Id\u00e9al pour mettre l\u2019accent sur les poses comiques.<\/h3>\n<p>Avec son syst\u00e8me multi cam\u00e9ras, le photobooth Capture produit un GIF anim\u00e9 capable de figer la pose des participants sur 180\u00b0 dans l\u2019environnement de votre choix.<\/p>\n<p>&nbsp;<\/p>\n<hr>\n<p>&nbsp;<\/p>\n<p>Comprend :<\/p>\n<p>&#8211; Location du syst\u00e8me d\u2019inscription, de captation et d\u2019envoi des GIF<\/p>\n<p>&#8211; Une \u00e9quipe sur place pour s\u2019occuper de la prise de photos<\/p>\n<p>&#8211; Choisissez entre 6 et 12 cam\u00e9ras sur tr\u00e9pieds<\/p>\n<p>&#8211; Choisissez entre une toile courb\u00e9e ou droite, <a href=\"https:\/\/booth.pixsenses.com\/index.php\/nos-fonctionnalites\/\"><span style=\"color: #63c132;\">en savoir plus<\/span><\/a>[\/wr_vc_textblock][vc_empty_space height=&#8221;50px&#8221;][\/vc_column][vc_column css_animation=&#8221;fadeInRight&#8221; width=&#8221;1\/3&#8243; css=&#8221;.vc_custom_1636990414845{margin-bottom: 50px !important;}&#8221;][wr_vc_textblock small_title=&#8221;Photobooth sur pivot 360\u00b0&#8221; big_title=&#8221;Photobooth Motion&#8221;]\nngg_shortcode_1_placeholder\n<h3>Id\u00e9al pour mettre l\u2019accent sur le mouvement.<\/h3>\n<p>Avec sa cam\u00e9ra se d\u00e9pla\u00e7ant sur un pivot \u00e0 haute vitesse, le photobooth Motion produit une vid\u00e9o d\u2019un mouvement au ralenti sur 360\u00b0. Possibilit\u00e9 d\u2019ajouter une toile de fond.<\/p>\n<p>&nbsp;<\/p>\n<hr>\n<p>&nbsp;<\/p>\n<p>Comprend :<\/p>\n<p>&#8211; Location du syst\u00e8me d\u2019inscription, de captation et d\u2019envoi des GIF<\/p>\n<p>&#8211; Une \u00e9quipe sur place pour s\u2019occuper de la prise de photos<\/p>\n<p>&#8211; Une cam\u00e9ra mobile sur pivot<\/p>\n<p>&#8211; Choisissez d\u2019ajouter une toile courb\u00e9e sur 360\u00b0, <span style=\"color: #63c132;\"><a style=\"color: #63c132;\" href=\"https:\/\/booth.pixsenses.com\/index.php\/nos-fonctionnalites\/\">en savoir plus<\/a><\/span>[\/wr_vc_textblock][vc_empty_space height=&#8221;50px&#8221;][\/vc_column][vc_column css_animation=&#8221;fadeInRight&#8221; width=&#8221;1\/3&#8243; css=&#8221;.vc_custom_1636990418745{margin-bottom: 50px !important;}&#8221;][wr_vc_textblock small_title=&#8221;Photobooth cam\u00e9ra 360\u00b0&#8221; big_title=&#8221;Photobooth Immersion&#8221;]\nngg_shortcode_2_placeholder\n<h3>Id\u00e9al pour mettre l\u2019accent sur l\u2019environnement.<\/h3>\n<p>Avec sa cam\u00e9ra 360\u00b0 haute-gamme, le photobooth Immersion fait une captation sur 360\u00b0 des participants, pour un r\u00e9sultat compl\u00e8tement immersif.<\/p>\n<p>&nbsp;<\/p>\n<hr>\n<p>&nbsp;<\/p>\n<p>Comprend :<\/p>\n<p>&#8211; Location du syst\u00e8me d\u2019inscription, de captation et d\u2019envoi des GIF<\/p>\n<p>&#8211; Une \u00e9quipe sur place pour s\u2019occuper de la prise de photos<\/p>\n<p>&#8211; Une cam\u00e9ra 360\u00b0 sur tr\u00e9pied<\/p>\n<p>&#8211; Choisissez d\u2019ajouter une toile sph\u00e9rique personnalis\u00e9e, <span style=\"color: #63c132;\"><a style=\"color: #63c132;\" href=\"https:\/\/booth.pixsenses.com\/index.php\/nos-fonctionnalites\/\">en savoir plus<\/a><\/span>[\/wr_vc_textblock][vc_empty_space height=&#8221;50px&#8221;][\/vc_column][vc_column css_animation=&#8221;fadeInUp&#8221;][vc_row_inner][vc_column_inner width=&#8221;1\/2&#8243; css=&#8221;.vc_custom_1636579903409{margin-top: 75px !important;}&#8221;]<div class=\"main-about\"><a href=\"https:\/\/booth.pixsenses.com\/index.php\/nos-fonctionnalites\/\" class=\"btn float-btn flat-btn color-btn\" target=\"_self\" rel=\"noopener noreferrer\">Voir toutes les fonctionnalit\u00e9s<\/a><\/div>[\/vc_column_inner][vc_column_inner width=&#8221;1\/4&#8243;][\/vc_column_inner][vc_column_inner width=&#8221;1\/4&#8243;][\/vc_column_inner][\/vc_row_inner][\/vc_column][\/vc_row][vc_row scroll_id=&#8221;parcours&#8221; solonick_title=&#8221;`{`span`}`\/\/`{`\/span`}` Parcours&#8221; solonick_big_title=&#8221;Le `{`span`}`parcours`{`\/span`}` utilisateur&#8221; solonick_dectiption=&#8221;PixBooth se d\u00e9marque par son parcours utilisateur unique et facile !&#8221;][vc_column css_animation=&#8221;fadeInUp&#8221;][vc_row_inner][vc_column_inner width=&#8221;1\/3&#8243; css=&#8221;.vc_custom_1636574415182{margin-bottom: 75px !important;}&#8221;]<div class=\"process-wrap fl-wrap \"><ul class=\"class-feature-2\"><li><div class=\"time-line-icon\">\n                  <i class=\"fas fa-user\"><\/i>\n                  <\/div><h4>Inscription<\/h4><div class=\"process-details\">Remplissez le formulaire en ligne afin de recevoir votre billet \u00e9lectronique. <\/div><span class=\"process-numder\">01.<\/span><\/li><\/ul><\/div><style>.class-feature-2 .time-line-icon i:after{background: url(https:\/\/booth.pixsenses.com\/wp-content\/uploads\/2021\/11\/bg_icon.png) no-repeat center;}<\/style>[\/vc_column_inner][vc_column_inner width=&#8221;1\/3&#8243; css=&#8221;.vc_custom_1636574422385{margin-bottom: 75px !important;}&#8221;]<div class=\"process-wrap fl-wrap \"><ul class=\"class-feature-2\"><li><div class=\"time-line-icon\">\n                  <i class=\"fas fa-ticket-alt\"><\/i>\n                  <\/div><h4>Arriv\u00e9e au photobooth<\/h4><div class=\"process-details\">Pr\u00e9senter votre billet \u00e0 l&#8217;entr\u00e9e du photobooth. <\/div><span class=\"process-numder\">02.<\/span><\/li><\/ul><\/div>[\/vc_column_inner][vc_column_inner width=&#8221;1\/3&#8243; css=&#8221;.vc_custom_1636574427809{margin-bottom: 75px !important;}&#8221;]<div class=\"process-wrap fl-wrap \"><ul class=\"class-feature-2\"><li><div class=\"time-line-icon\">\n                  <i class=\"fas fa-camera\"><\/i>\n                  <\/div><h4>Prise de photo<\/h4><div class=\"process-details\">Tentez de prendre le meilleur clich\u00e9 ! <\/div><span class=\"process-numder\">03.<\/span><\/li><\/ul><\/div>[\/vc_column_inner][\/vc_row_inner][vc_row_inner][vc_column_inner width=&#8221;1\/6&#8243;][\/vc_column_inner][vc_column_inner width=&#8221;1\/3&#8243; css=&#8221;.vc_custom_1636574503616{margin-bottom: 75px !important;}&#8221;]<div class=\"process-wrap fl-wrap \"><ul class=\"class-feature-2\"><li><div class=\"time-line-icon\">\n                  <i class=\"fas fa-check-circle\"><\/i>\n                  <\/div><h4>Confirmation<\/h4><div class=\"process-details\">Confirmez le r\u00e9sultat de votre photo ou essayez de nouveau. <\/div><span class=\"process-numder\">04.<\/span><\/li><\/ul><\/div>[\/vc_column_inner][vc_column_inner width=&#8221;1\/3&#8243; css=&#8221;.vc_custom_1636574489238{margin-bottom: 75px !important;}&#8221;]<div class=\"process-wrap fl-wrap \"><ul class=\"class-feature-2\"><li><div class=\"time-line-icon\">\n                  <i class=\"fas fa-image\"><\/i>\n                  <\/div><h4>R\u00e9ception de la photo<\/h4><div class=\"process-details\">Recevez votre photo souvenir et partagez-la sur vos r\u00e9seaux sociaux ! <\/div><span class=\"process-numder\">05.<\/span><\/li><\/ul><\/div>[\/vc_column_inner][vc_column_inner width=&#8221;1\/6&#8243;][\/vc_column_inner][\/vc_row_inner][\/vc_column][\/vc_row][vc_row row_type=&#8221;sec2&#8243; opt_effect_sec=&#8221;st3&#8243;][vc_column]<div class=\"row call-to-2\"><div class=\"col-md-8\">\n                    <h3>Des questions ?<\/h3>\n                <\/div><div class=\"col-md-4\"><a href=\"https:\/\/booth.pixsenses.com\/index.php\/contact\/\" target=\"_self\" rel=\"noopener noreferrer\" class=\"btn flat-btn color-btn\">Contactez-nous<\/a> <\/div><\/div>[\/vc_column][\/vc_row]\n","protected":false},"excerpt":{"rendered":"<p>[vc_row css_animation=&#8221;fadeInRight&#8221; scroll_id=&#8221;a-propos&#8221; opt_title_sec=&#8221;st2&#8243; solonick_title=&#8221;`{`span`}`\/\/`{`\/span`}` \u00c0 propos&#8221;][vc_column css_animation=&#8221;fadeInLeft&#8221; width=&#8221;5\/12&#8243; css=&#8221;.vc_custom_1636990410289{margin-bottom: 50px !important;}&#8221;][vc_tta_pageable no_fill_content_area=&#8221;true&#8221; autoplay=&#8221;3&#8243; active_section=&#8221;1&#8243; css_animation=&#8221;fadeInLeft&#8221;][vc_tta_section title=&#8221;Section 1&#8243; tab_id=&#8221;1642538766231-523ee56c-9f56&#8243;][\/vc_tta_section][vc_tta_section title=&#8221;Section 2&#8243; tab_id=&#8221;1642538766256-e9582cad-8498&#8243;][\/vc_tta_section][vc_tta_section title=&#8221;Section&#8221; tab_id=&#8221;1642538847791-f827072d-b001&#8243;][\/vc_tta_section][\/vc_tta_pageable][\/vc_column][vc_column css_animation=&#8221;fadeInRight&#8221; width=&#8221;7\/12&#8243;][wr_vc_textblock big_title=&#8221;\u00c0 propos du `{`span`}`PixBooth`{`\/span`}`&#8221;]PixBooth est la solution id\u00e9ale pour ajouter du dynamisme et de l\u2019engagement dans vos \u00e9v\u00e9nements. Nous offrons trois types de photobooth qui utilisent des technologies novatrices..<\/p>\n","protected":false},"author":1,"featured_media":0,"parent":0,"menu_order":0,"comment_status":"closed","ping_status":"closed","template":"one-page.php","meta":{"ngg_post_thumbnail":0,"footnotes":""},"class_list":["post-110","page","type-page","status-publish","hentry"],"yoast_head":"<!-- This site is optimized with the Yoast SEO plugin v24.9 - https:\/\/yoast.com\/wordpress\/plugins\/seo\/ -->\n<title>Accueil - PixBooth : trois photobooth novateurs et dynamiques<\/title>\n<meta name=\"description\" content=\"PixBooth est la solution id\u00e9ale pour ajouter de l\u2019engagement dans vos \u00e9v\u00e9nements. Le photobooth est personnalisable selon vos besoins.\" \/>\n<meta name=\"robots\" content=\"index, follow, max-snippet:-1, max-image-preview:large, max-video-preview:-1\" \/>\n<link rel=\"canonical\" href=\"https:\/\/booth.pixsenses.com\/\" \/>\n<meta property=\"og:locale\" content=\"en_US\" \/>\n<meta property=\"og:type\" content=\"article\" \/>\n<meta property=\"og:title\" content=\"Accueil - PixBooth : trois photobooth novateurs et dynamiques\" \/>\n<meta property=\"og:description\" content=\"PixBooth est la solution id\u00e9ale pour ajouter de l\u2019engagement dans vos \u00e9v\u00e9nements. Le photobooth est personnalisable selon vos besoins.\" \/>\n<meta property=\"og:url\" content=\"https:\/\/booth.pixsenses.com\/\" \/>\n<meta property=\"og:site_name\" content=\"PixBooth\" \/>\n<meta property=\"article:modified_time\" content=\"2022-01-19T16:56:27+00:00\" \/>\n<meta name=\"twitter:card\" content=\"summary_large_image\" \/>\n<meta name=\"twitter:label1\" content=\"Est. reading time\" \/>\n\t<meta name=\"twitter:data1\" content=\"3 minutes\" \/>\n<script type=\"application\/ld+json\" class=\"yoast-schema-graph\">{\"@context\":\"https:\/\/schema.org\",\"@graph\":[{\"@type\":\"WebPage\",\"@id\":\"https:\/\/booth.pixsenses.com\/\",\"url\":\"https:\/\/booth.pixsenses.com\/\",\"name\":\"Accueil - PixBooth : trois photobooth novateurs et dynamiques\",\"isPartOf\":{\"@id\":\"https:\/\/booth.pixsenses.com\/#website\"},\"datePublished\":\"2018-04-29T20:08:12+00:00\",\"dateModified\":\"2022-01-19T16:56:27+00:00\",\"description\":\"PixBooth est la solution id\u00e9ale pour ajouter de l\u2019engagement dans vos \u00e9v\u00e9nements. Le photobooth est personnalisable selon vos besoins.\",\"breadcrumb\":{\"@id\":\"https:\/\/booth.pixsenses.com\/#breadcrumb\"},\"inLanguage\":\"en-US\",\"potentialAction\":[{\"@type\":\"ReadAction\",\"target\":[\"https:\/\/booth.pixsenses.com\/\"]}]},{\"@type\":\"BreadcrumbList\",\"@id\":\"https:\/\/booth.pixsenses.com\/#breadcrumb\",\"itemListElement\":[{\"@type\":\"ListItem\",\"position\":1,\"name\":\"Home\",\"item\":\"https:\/\/booth.pixsenses.com\/\"},{\"@type\":\"ListItem\",\"position\":2,\"name\":\"Accueil\"}]},{\"@type\":\"WebSite\",\"@id\":\"https:\/\/booth.pixsenses.com\/#website\",\"url\":\"https:\/\/booth.pixsenses.com\/\",\"name\":\"PixBooth\",\"description\":\"\",\"potentialAction\":[{\"@type\":\"SearchAction\",\"target\":{\"@type\":\"EntryPoint\",\"urlTemplate\":\"https:\/\/booth.pixsenses.com\/?s={search_term_string}\"},\"query-input\":{\"@type\":\"PropertyValueSpecification\",\"valueRequired\":true,\"valueName\":\"search_term_string\"}}],\"inLanguage\":\"en-US\"}]}<\/script>\n<!-- \/ Yoast SEO plugin. -->","yoast_head_json":{"title":"Accueil - PixBooth : trois photobooth novateurs et dynamiques","description":"PixBooth est la solution id\u00e9ale pour ajouter de l\u2019engagement dans vos \u00e9v\u00e9nements. Le photobooth est personnalisable selon vos besoins.","robots":{"index":"index","follow":"follow","max-snippet":"max-snippet:-1","max-image-preview":"max-image-preview:large","max-video-preview":"max-video-preview:-1"},"canonical":"https:\/\/booth.pixsenses.com\/","og_locale":"en_US","og_type":"article","og_title":"Accueil - PixBooth : trois photobooth novateurs et dynamiques","og_description":"PixBooth est la solution id\u00e9ale pour ajouter de l\u2019engagement dans vos \u00e9v\u00e9nements. Le photobooth est personnalisable selon vos besoins.","og_url":"https:\/\/booth.pixsenses.com\/","og_site_name":"PixBooth","article_modified_time":"2022-01-19T16:56:27+00:00","twitter_card":"summary_large_image","twitter_misc":{"Est. reading time":"3 minutes"},"schema":{"@context":"https:\/\/schema.org","@graph":[{"@type":"WebPage","@id":"https:\/\/booth.pixsenses.com\/","url":"https:\/\/booth.pixsenses.com\/","name":"Accueil - PixBooth : trois photobooth novateurs et dynamiques","isPartOf":{"@id":"https:\/\/booth.pixsenses.com\/#website"},"datePublished":"2018-04-29T20:08:12+00:00","dateModified":"2022-01-19T16:56:27+00:00","description":"PixBooth est la solution id\u00e9ale pour ajouter de l\u2019engagement dans vos \u00e9v\u00e9nements. Le photobooth est personnalisable selon vos besoins.","breadcrumb":{"@id":"https:\/\/booth.pixsenses.com\/#breadcrumb"},"inLanguage":"en-US","potentialAction":[{"@type":"ReadAction","target":["https:\/\/booth.pixsenses.com\/"]}]},{"@type":"BreadcrumbList","@id":"https:\/\/booth.pixsenses.com\/#breadcrumb","itemListElement":[{"@type":"ListItem","position":1,"name":"Home","item":"https:\/\/booth.pixsenses.com\/"},{"@type":"ListItem","position":2,"name":"Accueil"}]},{"@type":"WebSite","@id":"https:\/\/booth.pixsenses.com\/#website","url":"https:\/\/booth.pixsenses.com\/","name":"PixBooth","description":"","potentialAction":[{"@type":"SearchAction","target":{"@type":"EntryPoint","urlTemplate":"https:\/\/booth.pixsenses.com\/?s={search_term_string}"},"query-input":{"@type":"PropertyValueSpecification","valueRequired":true,"valueName":"search_term_string"}}],"inLanguage":"en-US"}]}},"_links":{"self":[{"href":"https:\/\/booth.pixsenses.com\/index.php\/wp-json\/wp\/v2\/pages\/110","targetHints":{"allow":["GET"]}}],"collection":[{"href":"https:\/\/booth.pixsenses.com\/index.php\/wp-json\/wp\/v2\/pages"}],"about":[{"href":"https:\/\/booth.pixsenses.com\/index.php\/wp-json\/wp\/v2\/types\/page"}],"author":[{"embeddable":true,"href":"https:\/\/booth.pixsenses.com\/index.php\/wp-json\/wp\/v2\/users\/1"}],"replies":[{"embeddable":true,"href":"https:\/\/booth.pixsenses.com\/index.php\/wp-json\/wp\/v2\/comments?post=110"}],"version-history":[{"count":53,"href":"https:\/\/booth.pixsenses.com\/index.php\/wp-json\/wp\/v2\/pages\/110\/revisions"}],"predecessor-version":[{"id":1045,"href":"https:\/\/booth.pixsenses.com\/index.php\/wp-json\/wp\/v2\/pages\/110\/revisions\/1045"}],"wp:attachment":[{"href":"https:\/\/booth.pixsenses.com\/index.php\/wp-json\/wp\/v2\/media?parent=110"}],"curies":[{"name":"wp","href":"https:\/\/api.w.org\/{rel}","templated":true}]}}